{"id":3007,"date":"2019-11-10T18:41:14","date_gmt":"2019-11-10T17:41:14","guid":{"rendered":"https:\/\/www.glassdogs.de\/?page_id=3007"},"modified":"2026-04-25T21:09:50","modified_gmt":"2026-04-25T19:09:50","slug":"welpen-und-junghunde","status":"publish","type":"page","link":"https:\/\/www.glassdogs.de\/","title":{"rendered":"Glassdogs &#8211; Coaching &amp; Pers\u00f6nlichkeitsentwicklung mit deinem Hund"},"content":{"rendered":"\n<div class=\"wp-block-group is-nowrap is-layout-flex wp-container-core-group-is-layout-ad2f72ca wp-block-group-is-layout-flex\">\n<p>Hundeverhalten neu denken &#8211; f\u00fcr dich &amp; deinen Hund im Raum Neustadt\/Aisch, F\u00fcrth, N\u00fcrnberg, Erlangen &amp; Umgebung &#8211; sowie online.<\/p>\n\n\n\n<p><\/p>\n<\/div>\n\n\n\n<p>Bei Hundegesundheitstraining Glassdogs erwartet dich individuelles Hundetraining, fundierte Verhaltensberatung und sinnvolle Besch\u00e4ftigung &#8211; abgestimmt auf dich und deinen Hund. Erg\u00e4nzt wird mein Angebot durch ganzheitliche Gesundheitsberatung &#8211; alles aus einer Hand.<\/p>\n\n\n\n<p>Im hundegest\u00fctzten Coaching begleiten dich meine Mentorenhunde. Sie helfen dabei, tiefere Themen zu erkennen und an der Wurzel zu ver\u00e4ndern &#8211; achtsam, verbindend und echt.<\/p>\n\n\n\n<p>Ich helfe dir, deinen Hund wirklich zu verstehen &#8211; nicht nur zu trainieren.<\/p>\n\n\n\n<p>Mit der HundeVerhaltensformel nach HSS\u00ae schauen wir tiefer:<\/p>\n\n\n\n<ul class=\"wp-block-list\">\n<li>Pers\u00f6nlichkeit<\/li>\n\n\n\n<li>Umfeld<\/li>\n\n\n\n<li>Emotionen<br>&#8230;statt starrer Methoden und Standartl\u00f6sungen<\/li>\n<\/ul>\n\n\n\n<p>\ud83c\udf3f Weniger Gehorsam &#8211; mehr Verbindung.<\/p>\n\n\n\n<p>Bist du bereit f\u00fcr euren n\u00e4chsten gemeinsamen Schritt?<\/p>\n\n\n\n<p>Glassdogs ist Teil des Netzwerks des Hundezentrums HSS\u00ae.<br>Als selbst\u00e4ndige Lizenznehmerin bringe ich das bew\u00e4hrte Konzept f\u00fcr:<\/p>\n\n\n\n<ul class=\"wp-block-list\">\n<li>Ganzheitliches Hundetraining<\/li>\n\n\n\n<li>Typengest\u00fctztes Verhaltenstraining<\/li>\n\n\n\n<li>Pers\u00f6nlichkeitsanalyse<br>&#8230;direkt zu dir &#8211; individuell, empathisch, fundiert. <\/li>\n<\/ul>\n","protected":false},"excerpt":{"rendered":"<p>Hundeverhalten neu denken &#8211; f\u00fcr dich &amp; deinen Hund im Raum Neustadt\/Aisch, F\u00fcrth, N\u00fcrnberg, Erlangen &amp; Umgebung &#8211; sowie online. Bei Hundegesundheitstraining Glassdogs erwartet dich individuelles Hundetraining, fundierte Verhaltensberatung und sinnvolle Besch\u00e4ftigung &#8211; abgestimmt auf dich und deinen Hund. Erg\u00e4nzt wird mein Angebot durch ganzheitliche Gesundheitsberatung &#8211; alles aus einer Hand. Im hundegest\u00fctzten Coaching begleiten [&hellip;]<\/p>\n","protected":false},"author":1,"featured_media":3210,"parent":0,"menu_order":0,"comment_status":"closed","ping_status":"closed","template":"","meta":{"jetpack_post_was_ever_published":false,"footnotes":""},"class_list":["post-3007","page","type-page","status-publish","has-post-thumbnail","hentry"],"yoast_head":"<!-- This site is optimized with the Yoast SEO plugin v27.4 - https:\/\/yoast.com\/product\/yoast-seo-wordpress\/ -->\n<title>Glassdogs - Coaching &amp; Pers\u00f6nlichkeitsentwicklung mit deinem Hund - GLASSDOGS<\/title>\n<meta name=\"robots\" content=\"index, follow, max-snippet:-1, max-image-preview:large, max-video-preview:-1\" \/>\n<link rel=\"canonical\" href=\"https:\/\/www.glassdogs.de\/\" \/>\n<meta property=\"og:locale\" content=\"de_DE\" \/>\n<meta property=\"og:type\" content=\"article\" \/>\n<meta property=\"og:title\" content=\"Glassdogs - Coaching &amp; Pers\u00f6nlichkeitsentwicklung mit deinem Hund - GLASSDOGS\" \/>\n<meta property=\"og:description\" content=\"Hundeverhalten neu denken &#8211; f\u00fcr dich &amp; deinen Hund im Raum Neustadt\/Aisch, F\u00fcrth, N\u00fcrnberg, Erlangen &amp; Umgebung &#8211; sowie online. Bei Hundegesundheitstraining Glassdogs erwartet dich individuelles Hundetraining, fundierte Verhaltensberatung und sinnvolle Besch\u00e4ftigung &#8211; abgestimmt auf dich und deinen Hund. Erg\u00e4nzt wird mein Angebot durch ganzheitliche Gesundheitsberatung &#8211; alles aus einer Hand. Im hundegest\u00fctzten Coaching begleiten [&hellip;]\" \/>\n<meta property=\"og:url\" content=\"https:\/\/www.glassdogs.de\/\" \/>\n<meta property=\"og:site_name\" content=\"GLASSDOGS\" \/>\n<meta property=\"article:modified_time\" content=\"2026-04-25T19:09:50+00:00\" \/>\n<meta property=\"og:image\" content=\"https:\/\/www.glassdogs.de\/wp-content\/uploads\/2020\/03\/Glassdogs-Logo.png\" \/>\n\t<meta property=\"og:image:width\" content=\"500\" \/>\n\t<meta property=\"og:image:height\" content=\"445\" \/>\n\t<meta property=\"og:image:type\" content=\"image\/png\" \/>\n<meta name=\"twitter:card\" content=\"summary_large_image\" \/>\n<meta name=\"twitter:label1\" content=\"Gesch\u00e4tzte Lesezeit\" \/>\n\t<meta name=\"twitter:data1\" content=\"1\u00a0Minute\" \/>\n<script type=\"application\/ld+json\" class=\"yoast-schema-graph\">{\"@context\":\"https:\\\/\\\/schema.org\",\"@graph\":[{\"@type\":\"WebPage\",\"@id\":\"https:\\\/\\\/www.glassdogs.de\\\/\",\"url\":\"https:\\\/\\\/www.glassdogs.de\\\/\",\"name\":\"Glassdogs - Coaching &amp; Pers\u00f6nlichkeitsentwicklung mit deinem Hund - GLASSDOGS\",\"isPartOf\":{\"@id\":\"https:\\\/\\\/www.glassdogs.de\\\/#website\"},\"primaryImageOfPage\":{\"@id\":\"https:\\\/\\\/www.glassdogs.de\\\/#primaryimage\"},\"image\":{\"@id\":\"https:\\\/\\\/www.glassdogs.de\\\/#primaryimage\"},\"thumbnailUrl\":\"https:\\\/\\\/i0.wp.com\\\/www.glassdogs.de\\\/wp-content\\\/uploads\\\/2020\\\/03\\\/Glassdogs-Logo.png?fit=500%2C445&ssl=1\",\"datePublished\":\"2019-11-10T17:41:14+00:00\",\"dateModified\":\"2026-04-25T19:09:50+00:00\",\"breadcrumb\":{\"@id\":\"https:\\\/\\\/www.glassdogs.de\\\/#breadcrumb\"},\"inLanguage\":\"de\",\"potentialAction\":[{\"@type\":\"ReadAction\",\"target\":[\"https:\\\/\\\/www.glassdogs.de\\\/\"]}]},{\"@type\":\"ImageObject\",\"inLanguage\":\"de\",\"@id\":\"https:\\\/\\\/www.glassdogs.de\\\/#primaryimage\",\"url\":\"https:\\\/\\\/i0.wp.com\\\/www.glassdogs.de\\\/wp-content\\\/uploads\\\/2020\\\/03\\\/Glassdogs-Logo.png?fit=500%2C445&ssl=1\",\"contentUrl\":\"https:\\\/\\\/i0.wp.com\\\/www.glassdogs.de\\\/wp-content\\\/uploads\\\/2020\\\/03\\\/Glassdogs-Logo.png?fit=500%2C445&ssl=1\",\"width\":500,\"height\":445},{\"@type\":\"BreadcrumbList\",\"@id\":\"https:\\\/\\\/www.glassdogs.de\\\/#breadcrumb\",\"itemListElement\":[{\"@type\":\"ListItem\",\"position\":1,\"name\":\"Startseite\",\"item\":\"https:\\\/\\\/www.glassdogs.de\\\/\"},{\"@type\":\"ListItem\",\"position\":2,\"name\":\"Glassdogs &#8211; Coaching &amp; Pers\u00f6nlichkeitsentwicklung mit deinem Hund\"}]},{\"@type\":\"WebSite\",\"@id\":\"https:\\\/\\\/www.glassdogs.de\\\/#website\",\"url\":\"https:\\\/\\\/www.glassdogs.de\\\/\",\"name\":\"GLASSDOGS\",\"description\":\"\",\"potentialAction\":[{\"@type\":\"SearchAction\",\"target\":{\"@type\":\"EntryPoint\",\"urlTemplate\":\"https:\\\/\\\/www.glassdogs.de\\\/?s={search_term_string}\"},\"query-input\":{\"@type\":\"PropertyValueSpecification\",\"valueRequired\":true,\"valueName\":\"search_term_string\"}}],\"inLanguage\":\"de\"}]}<\/script>\n<!-- \/ Yoast SEO plugin. -->","yoast_head_json":{"title":"Glassdogs - Coaching &amp; Pers\u00f6nlichkeitsentwicklung mit deinem Hund - GLASSDOGS","robots":{"index":"index","follow":"follow","max-snippet":"max-snippet:-1","max-image-preview":"max-image-preview:large","max-video-preview":"max-video-preview:-1"},"canonical":"https:\/\/www.glassdogs.de\/","og_locale":"de_DE","og_type":"article","og_title":"Glassdogs - Coaching &amp; Pers\u00f6nlichkeitsentwicklung mit deinem Hund - GLASSDOGS","og_description":"Hundeverhalten neu denken &#8211; f\u00fcr dich &amp; deinen Hund im Raum Neustadt\/Aisch, F\u00fcrth, N\u00fcrnberg, Erlangen &amp; Umgebung &#8211; sowie online. Bei Hundegesundheitstraining Glassdogs erwartet dich individuelles Hundetraining, fundierte Verhaltensberatung und sinnvolle Besch\u00e4ftigung &#8211; abgestimmt auf dich und deinen Hund. Erg\u00e4nzt wird mein Angebot durch ganzheitliche Gesundheitsberatung &#8211; alles aus einer Hand. Im hundegest\u00fctzten Coaching begleiten [&hellip;]","og_url":"https:\/\/www.glassdogs.de\/","og_site_name":"GLASSDOGS","article_modified_time":"2026-04-25T19:09:50+00:00","og_image":[{"width":500,"height":445,"url":"https:\/\/www.glassdogs.de\/wp-content\/uploads\/2020\/03\/Glassdogs-Logo.png","type":"image\/png"}],"twitter_card":"summary_large_image","twitter_misc":{"Gesch\u00e4tzte Lesezeit":"1\u00a0Minute"},"schema":{"@context":"https:\/\/schema.org","@graph":[{"@type":"WebPage","@id":"https:\/\/www.glassdogs.de\/","url":"https:\/\/www.glassdogs.de\/","name":"Glassdogs - Coaching &amp; Pers\u00f6nlichkeitsentwicklung mit deinem Hund - GLASSDOGS","isPartOf":{"@id":"https:\/\/www.glassdogs.de\/#website"},"primaryImageOfPage":{"@id":"https:\/\/www.glassdogs.de\/#primaryimage"},"image":{"@id":"https:\/\/www.glassdogs.de\/#primaryimage"},"thumbnailUrl":"https:\/\/i0.wp.com\/www.glassdogs.de\/wp-content\/uploads\/2020\/03\/Glassdogs-Logo.png?fit=500%2C445&ssl=1","datePublished":"2019-11-10T17:41:14+00:00","dateModified":"2026-04-25T19:09:50+00:00","breadcrumb":{"@id":"https:\/\/www.glassdogs.de\/#breadcrumb"},"inLanguage":"de","potentialAction":[{"@type":"ReadAction","target":["https:\/\/www.glassdogs.de\/"]}]},{"@type":"ImageObject","inLanguage":"de","@id":"https:\/\/www.glassdogs.de\/#primaryimage","url":"https:\/\/i0.wp.com\/www.glassdogs.de\/wp-content\/uploads\/2020\/03\/Glassdogs-Logo.png?fit=500%2C445&ssl=1","contentUrl":"https:\/\/i0.wp.com\/www.glassdogs.de\/wp-content\/uploads\/2020\/03\/Glassdogs-Logo.png?fit=500%2C445&ssl=1","width":500,"height":445},{"@type":"BreadcrumbList","@id":"https:\/\/www.glassdogs.de\/#breadcrumb","itemListElement":[{"@type":"ListItem","position":1,"name":"Startseite","item":"https:\/\/www.glassdogs.de\/"},{"@type":"ListItem","position":2,"name":"Glassdogs &#8211; Coaching &amp; Pers\u00f6nlichkeitsentwicklung mit deinem Hund"}]},{"@type":"WebSite","@id":"https:\/\/www.glassdogs.de\/#website","url":"https:\/\/www.glassdogs.de\/","name":"GLASSDOGS","description":"","potentialAction":[{"@type":"SearchAction","target":{"@type":"EntryPoint","urlTemplate":"https:\/\/www.glassdogs.de\/?s={search_term_string}"},"query-input":{"@type":"PropertyValueSpecification","valueRequired":true,"valueName":"search_term_string"}}],"inLanguage":"de"}]}},"jetpack_sharing_enabled":true,"jetpack_shortlink":"https:\/\/wp.me\/P7Ryul-Mv","_links":{"self":[{"href":"https:\/\/www.glassdogs.de\/index.php?rest_route=\/wp\/v2\/pages\/3007","targetHints":{"allow":["GET"]}}],"collection":[{"href":"https:\/\/www.glassdogs.de\/index.php?rest_route=\/wp\/v2\/pages"}],"about":[{"href":"https:\/\/www.glassdogs.de\/index.php?rest_route=\/wp\/v2\/types\/page"}],"author":[{"embeddable":true,"href":"https:\/\/www.glassdogs.de\/index.php?rest_route=\/wp\/v2\/users\/1"}],"replies":[{"embeddable":true,"href":"https:\/\/www.glassdogs.de\/index.php?rest_route=%2Fwp%2Fv2%2Fcomments&post=3007"}],"version-history":[{"count":40,"href":"https:\/\/www.glassdogs.de\/index.php?rest_route=\/wp\/v2\/pages\/3007\/revisions"}],"predecessor-version":[{"id":5183,"href":"https:\/\/www.glassdogs.de\/index.php?rest_route=\/wp\/v2\/pages\/3007\/revisions\/5183"}],"wp:featuredmedia":[{"embeddable":true,"href":"https:\/\/www.glassdogs.de\/index.php?rest_route=\/wp\/v2\/media\/3210"}],"wp:attachment":[{"href":"https:\/\/www.glassdogs.de\/index.php?rest_route=%2Fwp%2Fv2%2Fmedia&parent=3007"}],"curies":[{"name":"wp","href":"https:\/\/api.w.org\/{rel}","templated":true}]}}