{"id":4062,"date":"2022-09-10T08:47:22","date_gmt":"2022-09-10T06:47:22","guid":{"rendered":"https:\/\/www.glassdogs.de\/?page_id=4062"},"modified":"2026-04-14T12:41:45","modified_gmt":"2026-04-14T10:41:45","slug":"online-vortraege","status":"publish","type":"page","link":"https:\/\/www.glassdogs.de\/?page_id=4062","title":{"rendered":"Online Vortr\u00e4ge"},"content":{"rendered":"\n<div class=\"wp-block-group\"><div class=\"wp-block-group__inner-container is-layout-flow wp-block-group-is-layout-flow\">\n<p><strong>Alltagstraining im Haus<\/strong><\/p>\n\n\n\n<p><strong>Deckentraining, Ruhematte &amp; Boxentraining<\/strong><br>Mehr Ruhe, Orientierung und Entspannung f\u00fcr deinen Hund<\/p>\n\n\n\n<p><strong>Aufzeichnung inkl. Handout<\/strong><br>F\u00fcr einen sicheren R\u00fcckzugsort \u2013 zuhause und im Alltag<\/p>\n\n\n\n<p><strong>25 \u20ac<\/strong><\/p>\n\n\n\n<p><strong>Wir bekommen Besuch<\/strong><br>Mehr Ruhe, Klarheit und Orientierung f\u00fcr dich und deinen Hund<\/p>\n\n\n\n<p><strong>Aufzeichnung inkl. Handout &amp; Besucher-Knigge<\/strong><br>Damit Besuch f\u00fcr euch beide entspannter wird \u2013 zuhause und bei anderen<\/p>\n\n\n\n<p><strong>59 \u20ac<\/strong><\/p>\n\n\n\n<div class=\"wp-block-group\"><div class=\"wp-block-group__inner-container is-layout-flow wp-block-group-is-layout-flow\">\n<p><strong>Alltagstraining unterwegs<\/strong><\/p>\n\n\n\n<p><\/p>\n\n\n\n<p><strong>Junghunde<\/strong> <strong>ab der 20. Lebenswoche bis zum vollendeten 3. Lebensjahr<\/strong><\/p>\n\n\n\n<p><\/p>\n\n\n\n<p><strong>Auslastung, Besch\u00e4ftigung &amp; Ruhepausen<\/strong><br>Zwischen Tun und Sein \u2013 was dein Hund wirklich braucht<\/p>\n\n\n\n<p><strong>Aufzeichnung inkl. Handout<\/strong><br>F\u00fcr mehr Verst\u00e4ndnis, weniger Aktionismus und echte Ruhe im Alltag<\/p>\n\n\n\n<p><strong>59 \u20ac<\/strong><\/p>\n\n\n\n<p>Basis-Signale &#8211; Ich erkl\u00e4re es dir nochmal<br>Kosten Aufzeichnung + Handout = 12\u20ac<\/p>\n\n\n\n<p>Was hat richtig spielen mit Frust und Impulskontrolle zu tun?<br>Wie sage ich Nein zu meinem Hund?<br>Kosten Aufzeichnung + Handout = 12\u20ac<\/p>\n\n\n\n<p>Stress lass nach! Unsicherheit, Angst und Furcht<br>Kosten Aufzeichnung + Handout = 12\u20ac<\/p>\n<\/div><\/div>\n\n\n\n<p>Begegnungen gemeinsam bew\u00e4ltigen<br>Kosten Aufzeichnung + Handout = 12\u20ac<\/p>\n\n\n\n<p>Sicherheit und Orientierung &#8211; Wie kann ich dies meinem Junghund geben?<br>Kosten Aufzeichnung + Handout = 12\u20ac<\/p>\n\n\n\n<p>Leinenf\u00fchrigkeit, Richtungswechsel, Alltags-Fu\u00df<br>Kosten Aufzeichnung + Handout = 12\u20ac<\/p>\n\n\n\n<p>R\u00fcckruf<br>Kosten Aufzeichnung + Handout = 12\u20ac<\/p>\n\n\n\n<p>Hund um Gesund<br>Kosten Aufzeichnung + Handout = 12\u20ac<\/p>\n\n\n\n<p>Alle Inhalte des Junghunde-Kurs = 100\u20ac<\/p>\n\n\n\n<p><\/p>\n\n\n\n<p><strong>Welpen<\/strong> <strong>* auch geeignet f\u00fcr Hunde aus dem Tierschutz \/ Second-Hand Hunde<\/strong><\/p>\n\n\n\n<p>Orientierung am Menschen<br>Kosten Aufzeichnung + Handout = 29\u20ac<\/p>\n\n\n\n<p>Hausregeln &amp; Alltagssignale \u2013 die Basis f\u00fcr ein entspanntes Zusammenleben<br>Kosten Aufzeichnung = 24\u20ac<\/p>\n\n\n\n<p>Wie gew\u00f6hne ich meinen Hund an die belebte und unbelebte Umwelt &#8211; Sozialisation \/ Habituation<br>Kosten Aufzeichnung + Handout = 39\u20ac<\/p>\n\n\n\n<p>Wohlf\u00fchlzone aufbauen, Entspannungs-Ruhe\u00fcbung<br>Kosten Aufzeichnung + Handout = 10\u20ac<\/p>\n\n\n\n<p>Sitz Platz Steh<br>Kosten Aufzeichnung + Handout = 10\u20ac<\/p>\n\n\n\n<p>Gemeinsames Spielen und Spielbeute wieder entspannt abgeben<br>Kosten Aufzeichnung + Handout = 10\u20ac<\/p>\n\n\n\n<p>Gemeinsam unterwegs<br>Kosten Aufzeichnung + Handout = 10\u20ac<\/p>\n\n\n\n<p>Ausweichman\u00f6ver \u00fcben &#8211; Frust aushalten k\u00f6nnen<br>Kosten Aufzeichnung + Handout = 10\u20ac<\/p>\n\n\n\n<p>Vorbereitung Tierarztbesuch <br>Kosten Aufzeichnung + Handout = 10\u20ac<\/p>\n\n\n\n<p>Selbstkontrolle &#8211; Ich kann nicht alles haben, was ich m\u00f6chte<br>Kosten Aufzeichnung + Handout<\/p>\n\n\n\n<p>Die K\u00f6rpersprache deines Hundes verstehen<br>Kosten Aufzeichnung + Handout = 10\u20ac<\/p>\n\n\n\n<p>Alle Inhalte des Welpen-Kurs = 90\u20ac<\/p>\n\n\n\n<div class=\"wp-block-group\"><div class=\"wp-block-group__inner-container is-layout-flow wp-block-group-is-layout-flow\">\n<p><br><strong>Wissen rund um den Hund<\/strong><\/p>\n<\/div><\/div>\n\n\n\n<p>K\u00f6rpersprache von Hunden<br>Kosten Aufzeichnung + Handout = 30\u20ac<\/p>\n\n\n\n<p><strong>Lernverhalten von Hunden<\/strong><br>Verstehen, wie dein Hund wirklich lernt<\/p>\n\n\n\n<p><strong>Aufzeichnung inkl. Handout<\/strong><br>F\u00fcr mehr Klarheit im Training \u2013 und einen fairen Umgang im Alltag<\/p>\n\n\n\n<p><strong>59 \u20ac<\/strong><\/p>\n\n\n\n<p><strong>Welche Pers\u00f6nlichkeit hat mein Hund?<\/strong><br>Ein erster Blick auf unterschiedliche Pers\u00f6nlichkeitsmodelle<\/p>\n\n\n\n<p><strong>Aufzeichnung<\/strong><br>Und warum der wahre Wesenskern eines Hundes oft erst im sozialen Kontakt sichtbar wird<\/p>\n\n\n\n<p><strong>19 \u20ac<\/strong><\/p>\n\n\n\n<p>Sexualverhalten von Hunden<br>Kosten Aufzeichnung + Handout = 30\u20ac<\/p>\n\n\n\n<p>Tierschutzhund <br>Kosten Aufzeichnung + Handout = 30\u20ac<\/p>\n<\/div><\/div>\n\n\n\n<p>Alle Inhalte des Wissen rund um den Hund = \u20ac<\/p>\n\n\n\n<div class=\"wp-block-group\"><div class=\"wp-block-group__inner-container is-layout-flow wp-block-group-is-layout-flow\"><div class=\"wp-block-image\">\n<figure class=\"aligncenter size-large\"><img data-recalc-dims=\"1\" loading=\"lazy\" decoding=\"async\" width=\"683\" height=\"1024\" src=\"https:\/\/i0.wp.com\/www.glassdogs.de\/wp-content\/uploads\/2025\/12\/25.-Dez.-2025-11_24_18.jpg?resize=683%2C1024&#038;ssl=1\" alt=\"\" class=\"wp-image-5007\" srcset=\"https:\/\/i0.wp.com\/www.glassdogs.de\/wp-content\/uploads\/2025\/12\/25.-Dez.-2025-11_24_18.jpg?resize=683%2C1024&amp;ssl=1 683w, https:\/\/i0.wp.com\/www.glassdogs.de\/wp-content\/uploads\/2025\/12\/25.-Dez.-2025-11_24_18.jpg?resize=200%2C300&amp;ssl=1 200w, https:\/\/i0.wp.com\/www.glassdogs.de\/wp-content\/uploads\/2025\/12\/25.-Dez.-2025-11_24_18.jpg?resize=768%2C1152&amp;ssl=1 768w, https:\/\/i0.wp.com\/www.glassdogs.de\/wp-content\/uploads\/2025\/12\/25.-Dez.-2025-11_24_18.jpg?w=800&amp;ssl=1 800w\" sizes=\"auto, (max-width: 683px) 100vw, 683px\" \/><\/figure>\n<\/div>\n\n\n<p><\/p>\n<\/div><\/div>\n","protected":false},"excerpt":{"rendered":"<p>Alltagstraining im Haus Deckentraining, Ruhematte &amp; BoxentrainingMehr Ruhe, Orientierung und Entspannung f\u00fcr deinen Hund Aufzeichnung inkl. HandoutF\u00fcr einen sicheren R\u00fcckzugsort \u2013 zuhause und im Alltag 25 \u20ac Wir bekommen BesuchMehr Ruhe, Klarheit und Orientierung f\u00fcr dich und deinen Hund Aufzeichnung inkl. Handout &amp; Besucher-KniggeDamit Besuch f\u00fcr euch beide entspannter wird \u2013 zuhause und bei anderen [&hellip;]<\/p>\n","protected":false},"author":1,"featured_media":0,"parent":0,"menu_order":0,"comment_status":"closed","ping_status":"closed","template":"","meta":{"jetpack_post_was_ever_published":false,"footnotes":""},"class_list":["post-4062","page","type-page","status-publish","hentry"],"yoast_head":"<!-- This site is optimized with the Yoast SEO plugin v27.4 - https:\/\/yoast.com\/product\/yoast-seo-wordpress\/ -->\n<title>Online Vortr\u00e4ge - GLASSDOGS<\/title>\n<meta name=\"robots\" content=\"index, follow, max-snippet:-1, max-image-preview:large, max-video-preview:-1\" \/>\n<link rel=\"canonical\" href=\"https:\/\/www.glassdogs.de\/?page_id=4062\" \/>\n<meta property=\"og:locale\" content=\"de_DE\" \/>\n<meta property=\"og:type\" content=\"article\" \/>\n<meta property=\"og:title\" content=\"Online Vortr\u00e4ge - GLASSDOGS\" \/>\n<meta property=\"og:description\" content=\"Alltagstraining im Haus Deckentraining, Ruhematte &amp; BoxentrainingMehr Ruhe, Orientierung und Entspannung f\u00fcr deinen Hund Aufzeichnung inkl. HandoutF\u00fcr einen sicheren R\u00fcckzugsort \u2013 zuhause und im Alltag 25 \u20ac Wir bekommen BesuchMehr Ruhe, Klarheit und Orientierung f\u00fcr dich und deinen Hund Aufzeichnung inkl. Handout &amp; Besucher-KniggeDamit Besuch f\u00fcr euch beide entspannter wird \u2013 zuhause und bei anderen [&hellip;]\" \/>\n<meta property=\"og:url\" content=\"https:\/\/www.glassdogs.de\/?page_id=4062\" \/>\n<meta property=\"og:site_name\" content=\"GLASSDOGS\" \/>\n<meta property=\"article:modified_time\" content=\"2026-04-14T10:41:45+00:00\" \/>\n<meta property=\"og:image\" content=\"https:\/\/www.glassdogs.de\/wp-content\/uploads\/2025\/12\/25.-Dez.-2025-11_24_18-683x1024.jpg\" \/>\n<meta name=\"twitter:card\" content=\"summary_large_image\" \/>\n<meta name=\"twitter:label1\" content=\"Gesch\u00e4tzte Lesezeit\" \/>\n\t<meta name=\"twitter:data1\" content=\"3\u00a0Minuten\" \/>\n<script type=\"application\/ld+json\" class=\"yoast-schema-graph\">{\"@context\":\"https:\\\/\\\/schema.org\",\"@graph\":[{\"@type\":\"WebPage\",\"@id\":\"https:\\\/\\\/www.glassdogs.de\\\/?page_id=4062\",\"url\":\"https:\\\/\\\/www.glassdogs.de\\\/?page_id=4062\",\"name\":\"Online Vortr\u00e4ge - GLASSDOGS\",\"isPartOf\":{\"@id\":\"https:\\\/\\\/www.glassdogs.de\\\/#website\"},\"primaryImageOfPage\":{\"@id\":\"https:\\\/\\\/www.glassdogs.de\\\/?page_id=4062#primaryimage\"},\"image\":{\"@id\":\"https:\\\/\\\/www.glassdogs.de\\\/?page_id=4062#primaryimage\"},\"thumbnailUrl\":\"https:\\\/\\\/www.glassdogs.de\\\/wp-content\\\/uploads\\\/2025\\\/12\\\/25.-Dez.-2025-11_24_18-683x1024.jpg\",\"datePublished\":\"2022-09-10T06:47:22+00:00\",\"dateModified\":\"2026-04-14T10:41:45+00:00\",\"breadcrumb\":{\"@id\":\"https:\\\/\\\/www.glassdogs.de\\\/?page_id=4062#breadcrumb\"},\"inLanguage\":\"de\",\"potentialAction\":[{\"@type\":\"ReadAction\",\"target\":[\"https:\\\/\\\/www.glassdogs.de\\\/?page_id=4062\"]}]},{\"@type\":\"ImageObject\",\"inLanguage\":\"de\",\"@id\":\"https:\\\/\\\/www.glassdogs.de\\\/?page_id=4062#primaryimage\",\"url\":\"https:\\\/\\\/i0.wp.com\\\/www.glassdogs.de\\\/wp-content\\\/uploads\\\/2025\\\/12\\\/25.-Dez.-2025-11_24_18.jpg?fit=800%2C1200&ssl=1\",\"contentUrl\":\"https:\\\/\\\/i0.wp.com\\\/www.glassdogs.de\\\/wp-content\\\/uploads\\\/2025\\\/12\\\/25.-Dez.-2025-11_24_18.jpg?fit=800%2C1200&ssl=1\",\"width\":800,\"height\":1200},{\"@type\":\"BreadcrumbList\",\"@id\":\"https:\\\/\\\/www.glassdogs.de\\\/?page_id=4062#breadcrumb\",\"itemListElement\":[{\"@type\":\"ListItem\",\"position\":1,\"name\":\"Startseite\",\"item\":\"https:\\\/\\\/www.glassdogs.de\\\/\"},{\"@type\":\"ListItem\",\"position\":2,\"name\":\"Online Vortr\u00e4ge\"}]},{\"@type\":\"WebSite\",\"@id\":\"https:\\\/\\\/www.glassdogs.de\\\/#website\",\"url\":\"https:\\\/\\\/www.glassdogs.de\\\/\",\"name\":\"GLASSDOGS\",\"description\":\"\",\"potentialAction\":[{\"@type\":\"SearchAction\",\"target\":{\"@type\":\"EntryPoint\",\"urlTemplate\":\"https:\\\/\\\/www.glassdogs.de\\\/?s={search_term_string}\"},\"query-input\":{\"@type\":\"PropertyValueSpecification\",\"valueRequired\":true,\"valueName\":\"search_term_string\"}}],\"inLanguage\":\"de\"}]}<\/script>\n<!-- \/ Yoast SEO plugin. -->","yoast_head_json":{"title":"Online Vortr\u00e4ge - GLASSDOGS","robots":{"index":"index","follow":"follow","max-snippet":"max-snippet:-1","max-image-preview":"max-image-preview:large","max-video-preview":"max-video-preview:-1"},"canonical":"https:\/\/www.glassdogs.de\/?page_id=4062","og_locale":"de_DE","og_type":"article","og_title":"Online Vortr\u00e4ge - GLASSDOGS","og_description":"Alltagstraining im Haus Deckentraining, Ruhematte &amp; BoxentrainingMehr Ruhe, Orientierung und Entspannung f\u00fcr deinen Hund Aufzeichnung inkl. HandoutF\u00fcr einen sicheren R\u00fcckzugsort \u2013 zuhause und im Alltag 25 \u20ac Wir bekommen BesuchMehr Ruhe, Klarheit und Orientierung f\u00fcr dich und deinen Hund Aufzeichnung inkl. Handout &amp; Besucher-KniggeDamit Besuch f\u00fcr euch beide entspannter wird \u2013 zuhause und bei anderen [&hellip;]","og_url":"https:\/\/www.glassdogs.de\/?page_id=4062","og_site_name":"GLASSDOGS","article_modified_time":"2026-04-14T10:41:45+00:00","og_image":[{"url":"https:\/\/www.glassdogs.de\/wp-content\/uploads\/2025\/12\/25.-Dez.-2025-11_24_18-683x1024.jpg","type":"","width":"","height":""}],"twitter_card":"summary_large_image","twitter_misc":{"Gesch\u00e4tzte Lesezeit":"3\u00a0Minuten"},"schema":{"@context":"https:\/\/schema.org","@graph":[{"@type":"WebPage","@id":"https:\/\/www.glassdogs.de\/?page_id=4062","url":"https:\/\/www.glassdogs.de\/?page_id=4062","name":"Online Vortr\u00e4ge - GLASSDOGS","isPartOf":{"@id":"https:\/\/www.glassdogs.de\/#website"},"primaryImageOfPage":{"@id":"https:\/\/www.glassdogs.de\/?page_id=4062#primaryimage"},"image":{"@id":"https:\/\/www.glassdogs.de\/?page_id=4062#primaryimage"},"thumbnailUrl":"https:\/\/www.glassdogs.de\/wp-content\/uploads\/2025\/12\/25.-Dez.-2025-11_24_18-683x1024.jpg","datePublished":"2022-09-10T06:47:22+00:00","dateModified":"2026-04-14T10:41:45+00:00","breadcrumb":{"@id":"https:\/\/www.glassdogs.de\/?page_id=4062#breadcrumb"},"inLanguage":"de","potentialAction":[{"@type":"ReadAction","target":["https:\/\/www.glassdogs.de\/?page_id=4062"]}]},{"@type":"ImageObject","inLanguage":"de","@id":"https:\/\/www.glassdogs.de\/?page_id=4062#primaryimage","url":"https:\/\/i0.wp.com\/www.glassdogs.de\/wp-content\/uploads\/2025\/12\/25.-Dez.-2025-11_24_18.jpg?fit=800%2C1200&ssl=1","contentUrl":"https:\/\/i0.wp.com\/www.glassdogs.de\/wp-content\/uploads\/2025\/12\/25.-Dez.-2025-11_24_18.jpg?fit=800%2C1200&ssl=1","width":800,"height":1200},{"@type":"BreadcrumbList","@id":"https:\/\/www.glassdogs.de\/?page_id=4062#breadcrumb","itemListElement":[{"@type":"ListItem","position":1,"name":"Startseite","item":"https:\/\/www.glassdogs.de\/"},{"@type":"ListItem","position":2,"name":"Online Vortr\u00e4ge"}]},{"@type":"WebSite","@id":"https:\/\/www.glassdogs.de\/#website","url":"https:\/\/www.glassdogs.de\/","name":"GLASSDOGS","description":"","potentialAction":[{"@type":"SearchAction","target":{"@type":"EntryPoint","urlTemplate":"https:\/\/www.glassdogs.de\/?s={search_term_string}"},"query-input":{"@type":"PropertyValueSpecification","valueRequired":true,"valueName":"search_term_string"}}],"inLanguage":"de"}]}},"jetpack_sharing_enabled":true,"jetpack_shortlink":"https:\/\/wp.me\/P7Ryul-13w","_links":{"self":[{"href":"https:\/\/www.glassdogs.de\/index.php?rest_route=\/wp\/v2\/pages\/4062","targetHints":{"allow":["GET"]}}],"collection":[{"href":"https:\/\/www.glassdogs.de\/index.php?rest_route=\/wp\/v2\/pages"}],"about":[{"href":"https:\/\/www.glassdogs.de\/index.php?rest_route=\/wp\/v2\/types\/page"}],"author":[{"embeddable":true,"href":"https:\/\/www.glassdogs.de\/index.php?rest_route=\/wp\/v2\/users\/1"}],"replies":[{"embeddable":true,"href":"https:\/\/www.glassdogs.de\/index.php?rest_route=%2Fwp%2Fv2%2Fcomments&post=4062"}],"version-history":[{"count":26,"href":"https:\/\/www.glassdogs.de\/index.php?rest_route=\/wp\/v2\/pages\/4062\/revisions"}],"predecessor-version":[{"id":5176,"href":"https:\/\/www.glassdogs.de\/index.php?rest_route=\/wp\/v2\/pages\/4062\/revisions\/5176"}],"wp:attachment":[{"href":"https:\/\/www.glassdogs.de\/index.php?rest_route=%2Fwp%2Fv2%2Fmedia&parent=4062"}],"curies":[{"name":"wp","href":"https:\/\/api.w.org\/{rel}","templated":true}]}}