{"id":4387,"date":"2024-05-04T10:56:55","date_gmt":"2024-05-04T08:56:55","guid":{"rendered":"https:\/\/www.glassdogs.de\/?page_id=4387"},"modified":"2025-05-03T10:39:34","modified_gmt":"2025-05-03T08:39:34","slug":"persoenlichkeitsentwicklung-und-hundegestuetztes-coaching-nach-hss","status":"publish","type":"page","link":"https:\/\/www.glassdogs.de\/?page_id=4387","title":{"rendered":"Pers\u00f6nlichkeitsentwicklung und Hundegest\u00fctztes Coaching nach HSS\u00ae"},"content":{"rendered":"\n<p>Du w\u00fcnscht dir Harmonie und Leichtigkeit im Zusammenleben mit deinem Hund? Du hast daf\u00fcr auch schon einiges getan, aber langsam hast du das Vertrauen verloren, dass euch Jemand dabei helfen kann, bzw. euch versteht?<br>Ganz gleich welche Sorgen, Probleme und Themen dich belasten. Melde dich gerne \u00fcber ein kostenloses und unverbindliches Kennenlerngespr\u00e4ch bei mir.<br>Die Intensiv Pakete helfen deinen Hund zu entschl\u00fcsseln und eure Themen zu erkennen und dir dabei zu helfen daran zu arbeiten. In dieser intensiven Trainingszeit wirst du durch mich, meine Mitarbeiterin und meinen Mentorenhunde unterst\u00fctzt.<br>Dein Hund wird in dieser Zeit immer wieder auf Hunde treffen, die ihm wirklich guttun und ihn weiterentwickeln lassen, so dass du einen ausgeglichenen und souver\u00e4nen Hund bekommst und deine Sorgen der Vergangenheit angeh\u00f6ren.<\/p>\n\n\n\n<p>Solltest du bei einem\/einer HSS\u00ae-Kollegen*in die Pers\u00f6nlichkeit deines Hundes analysieren lassen, werden die 180\u20ac , die du bei mir bei einer Pers\u00f6nlichkeitsanalyse bezahlst, selbstverst\u00e4ndlich vom Gesamtpreis abgezogen. Bsp. Ihr zahlt bei Paket S dann keine 600\u20ac bei mir, sondern 420\u20ac.<\/p>\n\n\n\n<p><\/p>\n\n\n\n<p><strong>Paket S Intensivbetreuung und Trainingszeit 2 Monate<\/strong><\/p>\n\n\n\n<ul class=\"wp-block-list\">\n<li>Kennenlerngespr\u00e4ch<\/li>\n\n\n\n<li>Pers\u00f6nlichkeitsanalyse deines Hundes<\/li>\n\n\n\n<li>Ausf\u00fchrliche Anamnese<\/li>\n\n\n\n<li>Online Selbstlernkurs<\/li>\n\n\n\n<li>F\u00fchrungsseminar<\/li>\n\n\n\n<li>Individuelles Training, dass auf eure Bed\u00fcrfnisse zugeschnitten ist*<\/li>\n\n\n\n<li>Verhaltensberatung und Hundegest\u00fctztes Coaching<\/li>\n\n\n\n<li>2 Monate Zugang zur VIP Sprechstunde, diese findet immer Online am Mittwoch um 20:30 statt<\/li>\n<\/ul>\n\n\n\n<p>*entspricht 3 Einzel-, oder 6 Duo-, oder 9 Gruppenstunden &gt; variabel kombinierbar<\/p>\n\n\n\n<p><strong>Preis 600\u20ac 2 Monatszahlung a&#8216; 300\u20ac m\u00f6glich<\/strong><\/p>\n\n\n\n<p><\/p>\n\n\n\n<p><strong>Paket M<\/strong> <strong>Intensivbetreuung und Trainingszeit 3 Monate<\/strong><\/p>\n\n\n\n<ul class=\"wp-block-list\">\n<li>Kennenlerngespr\u00e4ch<\/li>\n\n\n\n<li>Pers\u00f6nlichkeitsanalyse deines Hundes<\/li>\n\n\n\n<li>Ausf\u00fchrliche Anamnese<\/li>\n\n\n\n<li>Online Selbstlernkurs<\/li>\n\n\n\n<li>F\u00fchrungsseminar<\/li>\n\n\n\n<li>Individuelles Training, dass auf eure Bed\u00fcrfnisse zugeschnitten ist*<\/li>\n\n\n\n<li>Verhaltensberatung und Hundegest\u00fctztes Coaching<\/li>\n\n\n\n<li>3 mal 30 min. Sozial-Work<\/li>\n\n\n\n<li>3 Monate Zugang zur VIP Sprechstunde, diese findet immer Online am Mittwoch um 20:30 statt<\/li>\n<\/ul>\n\n\n\n<p>*entspricht 5 Einzel-, oder 10 Duo-, oder 15 Gruppenstunden &gt; variabel kombinierbar<\/p>\n\n\n\n<p><strong>Preis 870\u20ac 3 Monatszahlung a&#8216; 290\u20ac m\u00f6glich<\/strong><\/p>\n\n\n\n<p><\/p>\n\n\n\n<p><strong>Paket L<\/strong> <strong>Intensivbetreuung und<\/strong> <strong>Trainingszeit 6 Monate<\/strong><\/p>\n\n\n\n<ul class=\"wp-block-list\">\n<li>Kennenlerngespr\u00e4ch<\/li>\n\n\n\n<li>Pers\u00f6nlichkeitsermittlung deines Hundes<\/li>\n\n\n\n<li>Ausf\u00fchrliche Anamnese<\/li>\n\n\n\n<li>Online Selbstlernkurs<\/li>\n\n\n\n<li>F\u00fchrungsseminar<\/li>\n\n\n\n<li>Individuelles Training, dass auf eure Bed\u00fcrfnisse zugeschnitten ist*<\/li>\n\n\n\n<li>Verhaltensberatung und Hundegest\u00fctztes Coaching<\/li>\n\n\n\n<li>6 mal 30 min. Sozial-Work<\/li>\n\n\n\n<li>6 Monate Zugang zur VIP Sprechstunde, diese findet immer Online am Mittwoch um 20:30 statt<\/li>\n<\/ul>\n\n\n\n<p>*entspricht 8 Einzel-, oder 16 Duo-, oder 24 Gruppenstunden &gt; variabel kombinierbar<\/p>\n\n\n\n<p><strong>Preis 1140\u20ac 4 Monatszahlung a`285\u20ac m\u00f6glich<\/strong><\/p>\n\n\n\n<p><\/p>\n\n\n\n<p><strong>Paket XL Intensivbetreuung und Trainingszeit 8 Monate<\/strong><\/p>\n\n\n\n<ul class=\"wp-block-list\">\n<li>Kennenlerngespr\u00e4ch<\/li>\n\n\n\n<li>Pers\u00f6nlichkeitsermittlung deines Hundes<\/li>\n\n\n\n<li>Ausf\u00fchrliche Anamnese<\/li>\n\n\n\n<li>Online Selbstlernkurs<\/li>\n\n\n\n<li>F\u00fchrungsseminar<\/li>\n\n\n\n<li>Individuelles Training, dass auf eure Bed\u00fcrfnisse zugeschnitten ist*<\/li>\n\n\n\n<li>Verhaltensberatung und Hundegest\u00fctztes Coaching<\/li>\n\n\n\n<li>6 mal 30 min. Sozial-Work<\/li>\n\n\n\n<li>8 Monate Zugang zur VIP Sprechstunde, diese findet immer Online am Mittwoch um 20:30 statt<\/li>\n<\/ul>\n\n\n\n<p>*entspricht 10 Einzel-, oder 20Duo-, oder 30 Gruppenstunden &gt; variabel kombinierbar<\/p>\n\n\n\n<p><strong>Preis 1500\u20ac 6 Monatszahlung a&#8216; 250\u20ac m\u00f6glich<\/strong><\/p>\n\n\n\n<p><\/p>\n\n\n\n<p><strong>Paket Deluxe Intensivbetreuung und Trainingszeit 4 Monate<\/strong><\/p>\n\n\n\n<ul class=\"wp-block-list\">\n<li>Kennenlerngespr\u00e4ch<\/li>\n\n\n\n<li>Pers\u00f6nlichkeitsermittlung deines Hundes<\/li>\n\n\n\n<li>Ausf\u00fchrliche Anamnese<\/li>\n\n\n\n<li>Online Selbstlernkurs<\/li>\n\n\n\n<li>F\u00fchrungsseminar<\/li>\n\n\n\n<li>Individuelles Training, dass auf eure Bed\u00fcrfnisse zugeschnitten ist*<\/li>\n\n\n\n<li>Verhaltensberatung und Hundegest\u00fctztes Coaching<\/li>\n\n\n\n<li>4 mal 30 min. Sozial-Work<\/li>\n\n\n\n<li>Gesundheitspaket Komfort<\/li>\n\n\n\n<li><em>optional zu buchbar Welches Hobby passt zu mir und meinen Hund <sub>5%Rabatt <\/sub><\/em><\/li>\n\n\n\n<li>5 Monate Zugang zur VIP Sprechstunde, diese findet immer Online am Mittwoch um 20:30 statt<\/li>\n<\/ul>\n\n\n\n<p>*entspricht 4 Einzel-, oder 8 Duo-, oder 12 Gruppenstunden &gt; variabel kombinierbar<\/p>\n\n\n\n<p><strong>Preis 980\u20ac 4 Monatszahlung a`245\u20ac m\u00f6glich<\/strong><\/p>\n\n\n\n<p><\/p>\n\n\n\n<p>Bei Interesse schicke mir eine Anfrage mit dem Betreff Kennenlerngespr\u00e4ch f\u00fcr Pers\u00f6nlichkeitsentwicklung und Hundegest\u00fctztes Coaching nach HSS\u00ae \u00fcber mein Buchungstool, dieses findest du unter Termine unter einem Blick. Gemeinsam finden wir heraus, welches Paket f\u00fcr dich und dein Hund das richtige ist. <\/p>\n\n\n<div class=\"wp-block-image\">\n<figure class=\"aligncenter size-full\"><img data-recalc-dims=\"1\" loading=\"lazy\" decoding=\"async\" width=\"648\" height=\"968\" src=\"https:\/\/i0.wp.com\/www.glassdogs.de\/wp-content\/uploads\/2024\/05\/29351534_1736576763043994_3438546777238812424_o.jpg?resize=648%2C968&#038;ssl=1\" alt=\"\" class=\"wp-image-4392\" srcset=\"https:\/\/i0.wp.com\/www.glassdogs.de\/wp-content\/uploads\/2024\/05\/29351534_1736576763043994_3438546777238812424_o.jpg?w=648&amp;ssl=1 648w, https:\/\/i0.wp.com\/www.glassdogs.de\/wp-content\/uploads\/2024\/05\/29351534_1736576763043994_3438546777238812424_o.jpg?resize=201%2C300&amp;ssl=1 201w\" sizes=\"auto, (max-width: 648px) 100vw, 648px\" \/><\/figure>\n<\/div>","protected":false},"excerpt":{"rendered":"<p>Du w\u00fcnscht dir Harmonie und Leichtigkeit im Zusammenleben mit deinem Hund? Du hast daf\u00fcr auch schon einiges getan, aber langsam hast du das Vertrauen verloren, dass euch Jemand dabei helfen kann, bzw. euch versteht?Ganz gleich welche Sorgen, Probleme und Themen dich belasten. Melde dich gerne \u00fcber ein kostenloses und unverbindliches Kennenlerngespr\u00e4ch bei mir.Die Intensiv Pakete [&hellip;]<\/p>\n","protected":false},"author":1,"featured_media":0,"parent":0,"menu_order":0,"comment_status":"closed","ping_status":"closed","template":"","meta":{"jetpack_post_was_ever_published":false,"footnotes":"[]"},"class_list":["post-4387","page","type-page","status-publish","hentry"],"yoast_head":"<!-- This site is optimized with the Yoast SEO plugin v27.3 - https:\/\/yoast.com\/product\/yoast-seo-wordpress\/ -->\n<title>Pers\u00f6nlichkeitsentwicklung und Hundegest\u00fctztes Coaching nach HSS\u00ae - GLASSDOGS<\/title>\n<meta name=\"robots\" content=\"index, follow, max-snippet:-1, max-image-preview:large, max-video-preview:-1\" \/>\n<link rel=\"canonical\" href=\"https:\/\/www.glassdogs.de\/?page_id=4387\" \/>\n<meta property=\"og:locale\" content=\"de_DE\" \/>\n<meta property=\"og:type\" content=\"article\" \/>\n<meta property=\"og:title\" content=\"Pers\u00f6nlichkeitsentwicklung und Hundegest\u00fctztes Coaching nach HSS\u00ae - GLASSDOGS\" \/>\n<meta property=\"og:description\" content=\"Du w\u00fcnscht dir Harmonie und Leichtigkeit im Zusammenleben mit deinem Hund? Du hast daf\u00fcr auch schon einiges getan, aber langsam hast du das Vertrauen verloren, dass euch Jemand dabei helfen kann, bzw. euch versteht?Ganz gleich welche Sorgen, Probleme und Themen dich belasten. Melde dich gerne \u00fcber ein kostenloses und unverbindliches Kennenlerngespr\u00e4ch bei mir.Die Intensiv Pakete [&hellip;]\" \/>\n<meta property=\"og:url\" content=\"https:\/\/www.glassdogs.de\/?page_id=4387\" \/>\n<meta property=\"og:site_name\" content=\"GLASSDOGS\" \/>\n<meta property=\"article:modified_time\" content=\"2025-05-03T08:39:34+00:00\" \/>\n<meta property=\"og:image\" content=\"https:\/\/www.glassdogs.de\/wp-content\/uploads\/2024\/05\/29351534_1736576763043994_3438546777238812424_o.jpg\" \/>\n<meta name=\"twitter:card\" content=\"summary_large_image\" \/>\n<meta name=\"twitter:label1\" content=\"Gesch\u00e4tzte Lesezeit\" \/>\n\t<meta name=\"twitter:data1\" content=\"4\u00a0Minuten\" \/>\n<script type=\"application\/ld+json\" class=\"yoast-schema-graph\">{\"@context\":\"https:\\\/\\\/schema.org\",\"@graph\":[{\"@type\":\"WebPage\",\"@id\":\"https:\\\/\\\/www.glassdogs.de\\\/?page_id=4387\",\"url\":\"https:\\\/\\\/www.glassdogs.de\\\/?page_id=4387\",\"name\":\"Pers\u00f6nlichkeitsentwicklung und Hundegest\u00fctztes Coaching nach HSS\u00ae - GLASSDOGS\",\"isPartOf\":{\"@id\":\"https:\\\/\\\/www.glassdogs.de\\\/#website\"},\"primaryImageOfPage\":{\"@id\":\"https:\\\/\\\/www.glassdogs.de\\\/?page_id=4387#primaryimage\"},\"image\":{\"@id\":\"https:\\\/\\\/www.glassdogs.de\\\/?page_id=4387#primaryimage\"},\"thumbnailUrl\":\"https:\\\/\\\/www.glassdogs.de\\\/wp-content\\\/uploads\\\/2024\\\/05\\\/29351534_1736576763043994_3438546777238812424_o.jpg\",\"datePublished\":\"2024-05-04T08:56:55+00:00\",\"dateModified\":\"2025-05-03T08:39:34+00:00\",\"breadcrumb\":{\"@id\":\"https:\\\/\\\/www.glassdogs.de\\\/?page_id=4387#breadcrumb\"},\"inLanguage\":\"de\",\"potentialAction\":[{\"@type\":\"ReadAction\",\"target\":[\"https:\\\/\\\/www.glassdogs.de\\\/?page_id=4387\"]}]},{\"@type\":\"ImageObject\",\"inLanguage\":\"de\",\"@id\":\"https:\\\/\\\/www.glassdogs.de\\\/?page_id=4387#primaryimage\",\"url\":\"https:\\\/\\\/i0.wp.com\\\/www.glassdogs.de\\\/wp-content\\\/uploads\\\/2024\\\/05\\\/29351534_1736576763043994_3438546777238812424_o.jpg?fit=648%2C968&ssl=1\",\"contentUrl\":\"https:\\\/\\\/i0.wp.com\\\/www.glassdogs.de\\\/wp-content\\\/uploads\\\/2024\\\/05\\\/29351534_1736576763043994_3438546777238812424_o.jpg?fit=648%2C968&ssl=1\",\"width\":648,\"height\":968},{\"@type\":\"BreadcrumbList\",\"@id\":\"https:\\\/\\\/www.glassdogs.de\\\/?page_id=4387#breadcrumb\",\"itemListElement\":[{\"@type\":\"ListItem\",\"position\":1,\"name\":\"Startseite\",\"item\":\"https:\\\/\\\/www.glassdogs.de\\\/\"},{\"@type\":\"ListItem\",\"position\":2,\"name\":\"Pers\u00f6nlichkeitsentwicklung und Hundegest\u00fctztes Coaching nach HSS\u00ae\"}]},{\"@type\":\"WebSite\",\"@id\":\"https:\\\/\\\/www.glassdogs.de\\\/#website\",\"url\":\"https:\\\/\\\/www.glassdogs.de\\\/\",\"name\":\"GLASSDOGS\",\"description\":\"\",\"potentialAction\":[{\"@type\":\"SearchAction\",\"target\":{\"@type\":\"EntryPoint\",\"urlTemplate\":\"https:\\\/\\\/www.glassdogs.de\\\/?s={search_term_string}\"},\"query-input\":{\"@type\":\"PropertyValueSpecification\",\"valueRequired\":true,\"valueName\":\"search_term_string\"}}],\"inLanguage\":\"de\"}]}<\/script>\n<!-- \/ Yoast SEO plugin. -->","yoast_head_json":{"title":"Pers\u00f6nlichkeitsentwicklung und Hundegest\u00fctztes Coaching nach HSS\u00ae - GLASSDOGS","robots":{"index":"index","follow":"follow","max-snippet":"max-snippet:-1","max-image-preview":"max-image-preview:large","max-video-preview":"max-video-preview:-1"},"canonical":"https:\/\/www.glassdogs.de\/?page_id=4387","og_locale":"de_DE","og_type":"article","og_title":"Pers\u00f6nlichkeitsentwicklung und Hundegest\u00fctztes Coaching nach HSS\u00ae - GLASSDOGS","og_description":"Du w\u00fcnscht dir Harmonie und Leichtigkeit im Zusammenleben mit deinem Hund? Du hast daf\u00fcr auch schon einiges getan, aber langsam hast du das Vertrauen verloren, dass euch Jemand dabei helfen kann, bzw. euch versteht?Ganz gleich welche Sorgen, Probleme und Themen dich belasten. Melde dich gerne \u00fcber ein kostenloses und unverbindliches Kennenlerngespr\u00e4ch bei mir.Die Intensiv Pakete [&hellip;]","og_url":"https:\/\/www.glassdogs.de\/?page_id=4387","og_site_name":"GLASSDOGS","article_modified_time":"2025-05-03T08:39:34+00:00","og_image":[{"url":"https:\/\/www.glassdogs.de\/wp-content\/uploads\/2024\/05\/29351534_1736576763043994_3438546777238812424_o.jpg","type":"","width":"","height":""}],"twitter_card":"summary_large_image","twitter_misc":{"Gesch\u00e4tzte Lesezeit":"4\u00a0Minuten"},"schema":{"@context":"https:\/\/schema.org","@graph":[{"@type":"WebPage","@id":"https:\/\/www.glassdogs.de\/?page_id=4387","url":"https:\/\/www.glassdogs.de\/?page_id=4387","name":"Pers\u00f6nlichkeitsentwicklung und Hundegest\u00fctztes Coaching nach HSS\u00ae - GLASSDOGS","isPartOf":{"@id":"https:\/\/www.glassdogs.de\/#website"},"primaryImageOfPage":{"@id":"https:\/\/www.glassdogs.de\/?page_id=4387#primaryimage"},"image":{"@id":"https:\/\/www.glassdogs.de\/?page_id=4387#primaryimage"},"thumbnailUrl":"https:\/\/www.glassdogs.de\/wp-content\/uploads\/2024\/05\/29351534_1736576763043994_3438546777238812424_o.jpg","datePublished":"2024-05-04T08:56:55+00:00","dateModified":"2025-05-03T08:39:34+00:00","breadcrumb":{"@id":"https:\/\/www.glassdogs.de\/?page_id=4387#breadcrumb"},"inLanguage":"de","potentialAction":[{"@type":"ReadAction","target":["https:\/\/www.glassdogs.de\/?page_id=4387"]}]},{"@type":"ImageObject","inLanguage":"de","@id":"https:\/\/www.glassdogs.de\/?page_id=4387#primaryimage","url":"https:\/\/i0.wp.com\/www.glassdogs.de\/wp-content\/uploads\/2024\/05\/29351534_1736576763043994_3438546777238812424_o.jpg?fit=648%2C968&ssl=1","contentUrl":"https:\/\/i0.wp.com\/www.glassdogs.de\/wp-content\/uploads\/2024\/05\/29351534_1736576763043994_3438546777238812424_o.jpg?fit=648%2C968&ssl=1","width":648,"height":968},{"@type":"BreadcrumbList","@id":"https:\/\/www.glassdogs.de\/?page_id=4387#breadcrumb","itemListElement":[{"@type":"ListItem","position":1,"name":"Startseite","item":"https:\/\/www.glassdogs.de\/"},{"@type":"ListItem","position":2,"name":"Pers\u00f6nlichkeitsentwicklung und Hundegest\u00fctztes Coaching nach HSS\u00ae"}]},{"@type":"WebSite","@id":"https:\/\/www.glassdogs.de\/#website","url":"https:\/\/www.glassdogs.de\/","name":"GLASSDOGS","description":"","potentialAction":[{"@type":"SearchAction","target":{"@type":"EntryPoint","urlTemplate":"https:\/\/www.glassdogs.de\/?s={search_term_string}"},"query-input":{"@type":"PropertyValueSpecification","valueRequired":true,"valueName":"search_term_string"}}],"inLanguage":"de"}]}},"jetpack_sharing_enabled":true,"jetpack_shortlink":"https:\/\/wp.me\/P7Ryul-18L","_links":{"self":[{"href":"https:\/\/www.glassdogs.de\/index.php?rest_route=\/wp\/v2\/pages\/4387","targetHints":{"allow":["GET"]}}],"collection":[{"href":"https:\/\/www.glassdogs.de\/index.php?rest_route=\/wp\/v2\/pages"}],"about":[{"href":"https:\/\/www.glassdogs.de\/index.php?rest_route=\/wp\/v2\/types\/page"}],"author":[{"embeddable":true,"href":"https:\/\/www.glassdogs.de\/index.php?rest_route=\/wp\/v2\/users\/1"}],"replies":[{"embeddable":true,"href":"https:\/\/www.glassdogs.de\/index.php?rest_route=%2Fwp%2Fv2%2Fcomments&post=4387"}],"version-history":[{"count":11,"href":"https:\/\/www.glassdogs.de\/index.php?rest_route=\/wp\/v2\/pages\/4387\/revisions"}],"predecessor-version":[{"id":4681,"href":"https:\/\/www.glassdogs.de\/index.php?rest_route=\/wp\/v2\/pages\/4387\/revisions\/4681"}],"wp:attachment":[{"href":"https:\/\/www.glassdogs.de\/index.php?rest_route=%2Fwp%2Fv2%2Fmedia&parent=4387"}],"curies":[{"name":"wp","href":"https:\/\/api.w.org\/{rel}","templated":true}]}}