{"id":4830,"date":"2025-11-13T18:13:52","date_gmt":"2025-11-13T17:13:52","guid":{"rendered":"https:\/\/www.glassdogs.de\/?page_id=4830"},"modified":"2026-04-25T21:25:44","modified_gmt":"2026-04-25T19:25:44","slug":"%f0%9f%95%8a%ef%b8%8f-was-dich-bei-glassdogs-erwartet","status":"publish","type":"page","link":"https:\/\/www.glassdogs.de\/?page_id=4830","title":{"rendered":"\ud83d\udd4a\ufe0f Was dich bei GLASSDOGS erwartet"},"content":{"rendered":"\n<p>Manchmal ist Entwicklung kein lauter Schritt, sondern ein leiser Wandel.<br>Ein neuer Blick. Ein anderer Umgang.<br>Ein Moment, in dem Hund und Mensch einander wiederfinden.<\/p>\n\n\n\n<p>GLASSDOGS ist kein Ort f\u00fcr Perfektion.<br>Es ist ein Raum f\u00fcr Beziehung \u2013 echt, bewusst und menschlich.<br>Hier darfst du ankommen, wahrnehmen, w\u00e4hlen und wachsen.<\/p>\n\n\n\n<p>Ich begleite dich und deinen Hund auf einem Weg, der bewusst individuell und tief ist.<br>Jeder Hund ist anders. Jeder Mensch auch. Und genau darin liegt die St\u00e4rke meiner Arbeit.<br>Ich sehe nicht nur das Verhalten, sondern die Pers\u00f6nlichkeit &#8211; und die Verbindung, die euch beide tr\u00e4gt.<\/p>\n\n\n\n<p>Ich arbeite nach dem HSS\u00ae-Modell f\u00fcr Pers\u00f6nlichkeitsentwicklung und typengest\u00fctztes Verhaltenstraining und kombiniere es mit Elementen aus Coaching, Gesundheitslehre und Verhaltenspsychologie.<\/p>\n\n\n\n<p>So entsteht ein ganzheitlicher Ansatz, der K\u00f6rper, Geist und Beziehung gleicherma\u00dfen ber\u00fccksichtigt.<\/p>\n\n\n\n<p>In meiner Arbeit geht es um Bewusstsein statt Routine, um Beziehung statt Gehorsam, und um innere St\u00e4rke statt \u00e4u\u00dfere Kontrolle.<\/p>\n\n\n\n<p>Ob im Pr\u00e4senztraining, in der Gesundheitsberatung oder im Coaching &#8211; immer steht im Mittelpunkt:<\/p>\n\n\n\n<ul class=\"wp-block-list\">\n<li>Echte Verbindung<\/li>\n\n\n\n<li>Klarheit im Miteinander<\/li>\n\n\n\n<li>Wachstum, das bleibt.<\/li>\n<\/ul>\n\n\n\n<p>\u2728 &#8222;Ich glaube daran, dass Mensch und Hund gemeinsam wachsen &#8211; wenn wir lernen, einander wirklich zu sehen.&#8220;<\/p>\n\n\n\n<p>\u2696\ufe0f <strong>Dein Weg mit GLASSDOGS<\/strong><\/p>\n\n\n\n<p>Echte Ver\u00e4nderung entsteht nicht \u00fcber Nacht &#8211; sie w\u00e4chst.<br>Schritt f\u00fcr Schritt. In Begegnung, Bewusstsein und Bewegung.<\/p>\n\n\n\n<p>Meine Pakete begleiten dich und deinen Hund von den ersten Schritten des Verstehens bis hin zu tiefer Verbundenheit und Balance &#8211; k\u00f6rperlich, emotional und mental.<\/p>\n\n\n\n<p>Alle Trainings finden in Pr\u00e4senz (oder teils hybrid) statt &#8211; so, wie es f\u00fcr dich und deinen Hund sinnvoll ist.<\/p>\n\n\n\n<p>Wenn dein Hund bereits eine HSS\u00ae-Pers\u00f6nlichkeitsanalyse hat, wird sie selbstverst\u00e4ndlich angerechnet.<\/p>\n\n\n\n<p>\ud83d\udccd Pr\u00e4senz im Raum Neustadt\/Aisch \u2013 F\u00fcrth \u2013 N\u00fcrnberg \u2013 Erlangen &amp; Umgebung<br>\ud83c\udf10 oder online \u2013 so wie es zu euch passt.<\/p>\n\n\n\n<p>\ud83d\udcac <strong>So startest du<\/strong><br>Kennenlerntermin<br>20\u20ac \u00b7 20 Minuten \u00b7 online<br>Ein erster, unverbindlicher Austausch &#8211; wir kl\u00e4ren Fragen, Erwartungen und pr\u00fcfen, ob und wie eine Zusammenarbeit passt.<br>Hier buchen: <a href=\"https:\/\/hundegesundheitstraining-glassdogs.123hundeschule.de\/gruppen\/59-kennenlerngesprach\">Kennenlerntermin<\/a><\/p>\n\n\n\n<p><\/p>\n\n\n\n<p>Beratungsgespr\u00e4ch<br>70 \u20ac \u00b7 45\u201360 Minuten \u00b7 online oder in Pr\u00e4senz<br>F\u00fcr erste Einsch\u00e4tzungen, Orientierung und klare n\u00e4chste Schritte.<br>Wenn du dich anschlie\u00dfend f\u00fcr ein Coaching-Paket entscheidest, werden 25\u20ac angerechnet.<br>Hier buchen: <a href=\"https:\/\/hundegesundheitstraining-glassdogs.123hundeschule.de\/gruppen\/69-beratungsgesprach\">Beratungsgespr\u00e4ch<\/a><\/p>\n\n\n\n<p><\/p>\n\n\n\n<p><strong>Der GLASSDOGS Entwicklungsweg \u2013 vom Verstehen zur Verbundenheit<\/strong><\/p>\n\n\n\n<ul class=\"wp-block-list\">\n<li>\ud83c\udf31 Entdecken (2 Monate) \u2013 Einstieg in Klarheit &amp; Verst\u00e4ndnis<\/li>\n\n\n\n<li>\ud83c\udf3f Wachsen (3 Monate) \u2013 F\u00fcr Entwicklung &amp; sichtbare Fortschritte<\/li>\n\n\n\n<li>\ud83c\udf33 Vertrauen (6 Monate) \u2013 F\u00fcr Stabilit\u00e4t &amp; nachhaltige Ver\u00e4nderung<\/li>\n\n\n\n<li>\ud83c\udf1f Verbinden (8 Monate) \u2013 F\u00fcr tiefe Transformation &amp; Beziehung<\/li>\n<\/ul>\n\n\n\n<p><\/p>\n\n\n\n<h4 class=\"wp-block-heading\"><strong>\ud83e\udde9 Mehrhunde-Balance (4 Monate)<\/strong><\/h4>\n\n\n\n<ul class=\"wp-block-list\">\n<li>F\u00fcr Harmonie, Klarheit und ein entspanntes Miteinander im Mehrhundehaushalt<\/li>\n<\/ul>\n\n\n\n<p><\/p>\n\n\n\n<p>\ud83c\udf3a<strong>Im Einklang \u2013 ganzheitliche Gesundheits- &amp; Beziehungsbegleitung<\/strong> <strong>(4 Monate)<\/strong><\/p>\n\n\n\n<ul class=\"wp-block-list\">\n<li>F\u00fcr ein Leben im Gleichgewicht \u2013 k\u00f6rperlich, emotional und in eurer Beziehung.<\/li>\n<\/ul>\n\n\n\n<p><\/p>\n\n\n\n<p>\ud83d\udcbb<strong>Online-Intensivbegleitung<\/strong> <strong>(3 Monate)<\/strong><\/p>\n\n\n\n<ul class=\"wp-block-list\">\n<li>\ud83c\udf10 Online-Mentoring  \u2013F\u00fcr klare Begleitung auf Distanz \u2013 individuell, typgerecht und alltagstauglich integriert.<\/li>\n<\/ul>\n\n\n\n<p><\/p>\n\n\n\n<p><strong>GLASSDOGS Weitergehen \u2013 Programme zum Festigen &amp; Dranbleiben<\/strong><\/p>\n\n\n\n<ul class=\"wp-block-list\">\n<li>\ud83c\udf0a Im Fluss \u2013 Dein Online-Dranbleiber-Paket<\/li>\n\n\n\n<li>\ud83e\udeb5 Verankert &#8211; Angebunden bleiben &amp; sanft dranbleiben<\/li>\n\n\n\n<li>\ud83e\udeb4 Verwurzeln \u2013 Anschluss-Paket f\u00fcr Dranbleiber<\/li>\n\n\n\n<li>\u2728 Wegbegleiter \u2013 Laufende, flexible Begleitung<\/li>\n<\/ul>\n\n\n\n<p><a href=\"https:\/\/www.glassdogs.de\/?page_id=4794\">Zu den Paketen <\/a><\/p>\n\n\n\n<p><\/p>\n\n\n\n<p>Ich bin Anika Gla\u00df &#8211; Hundegesundheitstrainerin, Coachin und Gesundheitsberaterin.<br>Ich begleite Mensch-Hund Teams, dabei, Vertrauen aufzubauen, sich wirklich zu verstehen und eine klare, faire und gelassene F\u00fchrung zu leben &#8211; getragen von Achtsamkeit, Wissen und innerer Ruhe.<\/p>\n\n\n\n<p>Was mich pr\u00e4gt, ist die Verbindung von Herz und Struktur:<br>Ich arbeite mit Tiefgang, Klarheit und System &#8211; aber immer mit Menschlichkeit.<br>Echte Ver\u00e4nderung entsteht, wenn Bewusstsein zur Verbindung wird.<\/p>\n\n\n\n<p>Mit meinem \u201eGl\u00fcckskleeblatt\u201c \u2013 Leyla, Mira, Bonny und Morgan \u2013 durften mein Mann und ich viele Jahre leben, lernen und wachsen.<br>Jeder dieser Hunde war einzigartig und hat mich gelehrt, hinter Verhalten zu blicken, tiefer zu f\u00fchlen und Zusammenh\u00e4nge zu verstehen.<br>Heute begleitet uns Joe, ein sensibler, fr\u00f6hlicher Sch\u00e4ferhund-Mix mit gro\u00dfem Herzen und starker eigener Meinung. <br>Er erinnert mich t\u00e4glich daran, was wahre F\u00fchrung bedeutet: Klarheit, Vertrauen und Verst\u00e4ndnis.<br>Unsere Hunde sind keine perfekten Wesen, aber sie waren perfekt f\u00fcr uns \u2013 sie sind echt, ehrlich und lebendig.<br>Durch sie habe ich gelernt, was Verbindung wirklich bedeutet. Sie sind unsere Lehrer, Spiegel und Begleiter.<br><strong>Wenn du mehr erfahren willst.<\/strong> <\/p>\n\n\n\n<p><a href=\"https:\/\/www.glassdogs.de\/?page_id=4689\">\u00dcber mich <\/a><\/p>\n\n\n\n<p><\/p>\n\n\n\n<p>\ud83e\udd0d<strong>So arbeite ich<\/strong><br>In meiner Arbeit geht es nicht darum, Verhalten einfach zu ver\u00e4ndern, sondern darum, dass Mensch und Hund sich wirklich aufeinander einlassen und Vertrauen aufbauen.<br>Ich arbeite kleinschrittig, strukturiert und im Tempo jedes Teams.<br>Strafe und Druck haben keinen Platz \u2013 stattdessen Klarheit, Souver\u00e4nit\u00e4t und echte Kommunikation.<br>Meine Aufgabe: Menschen st\u00e4rken, ihre Hunde in ihrer Einzigartigkeit zu verstehen und mit G\u00fcte, Wissen und Gelassenheit zu f\u00fchren.<br>So entsteht das, was mir am Herzen liegt: eine tiefe, vertrauensvolle und erf\u00fcllte Beziehung zwischen Mensch und Hund.<\/p>\n\n\n\n<p>\ud83d\udc95 <strong>GLASSDOGS-Gruppe \u2013 gemeinsam wachsen<\/strong><br><em>Alltag. Begegnung. Bewusstsein.<\/em><br>Die GLASSDOGS-Gruppe ist der fortlaufende Entwicklungsraum f\u00fcr Mensch-Hund-Teams, die bereits ein Coaching-Paket absolviert haben und weiter begleitet wachsen m\u00f6chten. Hier treffen sich Praxis, Beziehung und echtes Lernen \u2013 in Ruhe, Tiefe und Verbindung.<br>Kein Gruppentraining von der Stange, sondern ein bewusst gef\u00fchrter Lernprozess. F\u00fcr alle, die Beziehung leben und nicht nur Verhalten trainieren m\u00f6chten.<br><strong>&nbsp;<\/strong><a href=\"https:\/\/www.glassdogs.de\/?page_id=4812\">Glassdogs-Gruppe <\/a><\/p>\n\n\n\n<p><\/p>\n","protected":false},"excerpt":{"rendered":"<p>Manchmal ist Entwicklung kein lauter Schritt, sondern ein leiser Wandel.Ein neuer Blick. Ein anderer Umgang.Ein Moment, in dem Hund und Mensch einander wiederfinden. GLASSDOGS ist kein Ort f\u00fcr Perfektion.Es ist ein Raum f\u00fcr Beziehung \u2013 echt, bewusst und menschlich.Hier darfst du ankommen, wahrnehmen, w\u00e4hlen und wachsen. Ich begleite dich und deinen Hund auf einem Weg, [&hellip;]<\/p>\n","protected":false},"author":1,"featured_media":0,"parent":0,"menu_order":0,"comment_status":"closed","ping_status":"closed","template":"","meta":{"jetpack_post_was_ever_published":false,"footnotes":""},"class_list":["post-4830","page","type-page","status-publish","hentry"],"yoast_head":"<!-- This site is optimized with the Yoast SEO plugin v27.4 - https:\/\/yoast.com\/product\/yoast-seo-wordpress\/ -->\n<title>\ud83d\udd4a\ufe0f Was dich bei GLASSDOGS erwartet - GLASSDOGS<\/title>\n<meta name=\"robots\" content=\"index, follow, max-snippet:-1, max-image-preview:large, max-video-preview:-1\" \/>\n<link rel=\"canonical\" href=\"https:\/\/www.glassdogs.de\/?page_id=4830\" \/>\n<meta property=\"og:locale\" content=\"de_DE\" \/>\n<meta property=\"og:type\" content=\"article\" \/>\n<meta property=\"og:title\" content=\"\ud83d\udd4a\ufe0f Was dich bei GLASSDOGS erwartet - GLASSDOGS\" \/>\n<meta property=\"og:description\" content=\"Manchmal ist Entwicklung kein lauter Schritt, sondern ein leiser Wandel.Ein neuer Blick. Ein anderer Umgang.Ein Moment, in dem Hund und Mensch einander wiederfinden. GLASSDOGS ist kein Ort f\u00fcr Perfektion.Es ist ein Raum f\u00fcr Beziehung \u2013 echt, bewusst und menschlich.Hier darfst du ankommen, wahrnehmen, w\u00e4hlen und wachsen. Ich begleite dich und deinen Hund auf einem Weg, [&hellip;]\" \/>\n<meta property=\"og:url\" content=\"https:\/\/www.glassdogs.de\/?page_id=4830\" \/>\n<meta property=\"og:site_name\" content=\"GLASSDOGS\" \/>\n<meta property=\"article:modified_time\" content=\"2026-04-25T19:25:44+00:00\" \/>\n<meta name=\"twitter:card\" content=\"summary_large_image\" \/>\n<meta name=\"twitter:label1\" content=\"Gesch\u00e4tzte Lesezeit\" \/>\n\t<meta name=\"twitter:data1\" content=\"5\u00a0Minuten\" \/>\n<script type=\"application\/ld+json\" class=\"yoast-schema-graph\">{\"@context\":\"https:\\\/\\\/schema.org\",\"@graph\":[{\"@type\":\"WebPage\",\"@id\":\"https:\\\/\\\/www.glassdogs.de\\\/?page_id=4830\",\"url\":\"https:\\\/\\\/www.glassdogs.de\\\/?page_id=4830\",\"name\":\"\ud83d\udd4a\ufe0f Was dich bei GLASSDOGS erwartet - GLASSDOGS\",\"isPartOf\":{\"@id\":\"https:\\\/\\\/www.glassdogs.de\\\/#website\"},\"datePublished\":\"2025-11-13T17:13:52+00:00\",\"dateModified\":\"2026-04-25T19:25:44+00:00\",\"breadcrumb\":{\"@id\":\"https:\\\/\\\/www.glassdogs.de\\\/?page_id=4830#breadcrumb\"},\"inLanguage\":\"de\",\"potentialAction\":[{\"@type\":\"ReadAction\",\"target\":[\"https:\\\/\\\/www.glassdogs.de\\\/?page_id=4830\"]}]},{\"@type\":\"BreadcrumbList\",\"@id\":\"https:\\\/\\\/www.glassdogs.de\\\/?page_id=4830#breadcrumb\",\"itemListElement\":[{\"@type\":\"ListItem\",\"position\":1,\"name\":\"Startseite\",\"item\":\"https:\\\/\\\/www.glassdogs.de\\\/\"},{\"@type\":\"ListItem\",\"position\":2,\"name\":\"\ud83d\udd4a\ufe0f Was dich bei GLASSDOGS erwartet\"}]},{\"@type\":\"WebSite\",\"@id\":\"https:\\\/\\\/www.glassdogs.de\\\/#website\",\"url\":\"https:\\\/\\\/www.glassdogs.de\\\/\",\"name\":\"GLASSDOGS\",\"description\":\"\",\"potentialAction\":[{\"@type\":\"SearchAction\",\"target\":{\"@type\":\"EntryPoint\",\"urlTemplate\":\"https:\\\/\\\/www.glassdogs.de\\\/?s={search_term_string}\"},\"query-input\":{\"@type\":\"PropertyValueSpecification\",\"valueRequired\":true,\"valueName\":\"search_term_string\"}}],\"inLanguage\":\"de\"}]}<\/script>\n<!-- \/ Yoast SEO plugin. -->","yoast_head_json":{"title":"\ud83d\udd4a\ufe0f Was dich bei GLASSDOGS erwartet - GLASSDOGS","robots":{"index":"index","follow":"follow","max-snippet":"max-snippet:-1","max-image-preview":"max-image-preview:large","max-video-preview":"max-video-preview:-1"},"canonical":"https:\/\/www.glassdogs.de\/?page_id=4830","og_locale":"de_DE","og_type":"article","og_title":"\ud83d\udd4a\ufe0f Was dich bei GLASSDOGS erwartet - GLASSDOGS","og_description":"Manchmal ist Entwicklung kein lauter Schritt, sondern ein leiser Wandel.Ein neuer Blick. Ein anderer Umgang.Ein Moment, in dem Hund und Mensch einander wiederfinden. GLASSDOGS ist kein Ort f\u00fcr Perfektion.Es ist ein Raum f\u00fcr Beziehung \u2013 echt, bewusst und menschlich.Hier darfst du ankommen, wahrnehmen, w\u00e4hlen und wachsen. Ich begleite dich und deinen Hund auf einem Weg, [&hellip;]","og_url":"https:\/\/www.glassdogs.de\/?page_id=4830","og_site_name":"GLASSDOGS","article_modified_time":"2026-04-25T19:25:44+00:00","twitter_card":"summary_large_image","twitter_misc":{"Gesch\u00e4tzte Lesezeit":"5\u00a0Minuten"},"schema":{"@context":"https:\/\/schema.org","@graph":[{"@type":"WebPage","@id":"https:\/\/www.glassdogs.de\/?page_id=4830","url":"https:\/\/www.glassdogs.de\/?page_id=4830","name":"\ud83d\udd4a\ufe0f Was dich bei GLASSDOGS erwartet - GLASSDOGS","isPartOf":{"@id":"https:\/\/www.glassdogs.de\/#website"},"datePublished":"2025-11-13T17:13:52+00:00","dateModified":"2026-04-25T19:25:44+00:00","breadcrumb":{"@id":"https:\/\/www.glassdogs.de\/?page_id=4830#breadcrumb"},"inLanguage":"de","potentialAction":[{"@type":"ReadAction","target":["https:\/\/www.glassdogs.de\/?page_id=4830"]}]},{"@type":"BreadcrumbList","@id":"https:\/\/www.glassdogs.de\/?page_id=4830#breadcrumb","itemListElement":[{"@type":"ListItem","position":1,"name":"Startseite","item":"https:\/\/www.glassdogs.de\/"},{"@type":"ListItem","position":2,"name":"\ud83d\udd4a\ufe0f Was dich bei GLASSDOGS erwartet"}]},{"@type":"WebSite","@id":"https:\/\/www.glassdogs.de\/#website","url":"https:\/\/www.glassdogs.de\/","name":"GLASSDOGS","description":"","potentialAction":[{"@type":"SearchAction","target":{"@type":"EntryPoint","urlTemplate":"https:\/\/www.glassdogs.de\/?s={search_term_string}"},"query-input":{"@type":"PropertyValueSpecification","valueRequired":true,"valueName":"search_term_string"}}],"inLanguage":"de"}]}},"jetpack_sharing_enabled":true,"jetpack_shortlink":"https:\/\/wp.me\/P7Ryul-1fU","_links":{"self":[{"href":"https:\/\/www.glassdogs.de\/index.php?rest_route=\/wp\/v2\/pages\/4830","targetHints":{"allow":["GET"]}}],"collection":[{"href":"https:\/\/www.glassdogs.de\/index.php?rest_route=\/wp\/v2\/pages"}],"about":[{"href":"https:\/\/www.glassdogs.de\/index.php?rest_route=\/wp\/v2\/types\/page"}],"author":[{"embeddable":true,"href":"https:\/\/www.glassdogs.de\/index.php?rest_route=\/wp\/v2\/users\/1"}],"replies":[{"embeddable":true,"href":"https:\/\/www.glassdogs.de\/index.php?rest_route=%2Fwp%2Fv2%2Fcomments&post=4830"}],"version-history":[{"count":15,"href":"https:\/\/www.glassdogs.de\/index.php?rest_route=\/wp\/v2\/pages\/4830\/revisions"}],"predecessor-version":[{"id":5187,"href":"https:\/\/www.glassdogs.de\/index.php?rest_route=\/wp\/v2\/pages\/4830\/revisions\/5187"}],"wp:attachment":[{"href":"https:\/\/www.glassdogs.de\/index.php?rest_route=%2Fwp%2Fv2%2Fmedia&parent=4830"}],"curies":[{"name":"wp","href":"https:\/\/api.w.org\/{rel}","templated":true}]}}